ded by 99.
75
What is the remainder when 2535565 is divided by 1767?
1687
What is the remainder when 304911 is divided by 1724?
1487
Calculate the remainder when 9460579 is divided by 22.
7
Calculate the remainder when 525773 is divided by 20.
13
What is the remainder when 1849162 is divided by 3087?
49
Calculate the remainder when 628945 is divided by 130.
5
Calculate the remainder when 14192056 is divided by 83.
52
Calculate the remainder when 80641 is divided by 254.
123
Calculate the remainder when 14106821 is divided by 2015259.
8
Calculate the remainder when 49469 is divided by 47111.
2358
What is the remainder when 137413 is divided by 45268?
1609
Calculate the remainder when 558332 is divided by 204.
188
What is the remainder when 182374596 is divided by 40?
36
What is the remainder when 5041304 is divided by 514?
506
What is the remainder when 282527 is divided by 34847?
3751
What is the remainder when 399797 is divided by 8411?
4480
What is the remainder when 18428505 is divided by 1302?
1299
What is the remainder when 417688 is divided by 5867?
1131
Calculate the remainder when 53541 is divided by 105.
96
Calculate the remainder when 22760419 is divided by 137110.
159
What is the remainder when 608114118 is divided by 10?
8
What is the remainder when 1003160 is divided by 77?
4
What is the remainder when 833099 is divided by 1526?
1429
Calculate the remainder when 2569543 is divided by 256934.
203
What is the remainder when 196429375 is divided by 31?
14
Calculate the remainder when 41160687 is divided by 1413.
1410
Calculate the remainder when 1224398 is divided by 408094.
116
What is the remainder when 22976447 is divided by 736?
735
What is the remainder when 181794 is divided by 198?
30
What is the remainder when 142752 is divided by 426?
42
Calculate the remainder when 354451119 is divided by 1486.
1483
Calculate the remainder when 776646 is divided by 25052.
34
What is the remainder when 141169 is divided by 35174?
473
What is the remainder when 167649746 is divided by 83824868?
10
What is the remainder when 481075 is divided by 79915?
1585
What is the remainder when 54757559 is divided by 15?
14
What is the remainder when 3722158 is divided by 210?
118
What is the remainder when 41775971 is divided by 366?
365
Calculate the remainder when 166949 is divided by 391.
383
What is the remainder when 5005958 is divided by 2?
0
What is the remainder when 736439 is divided by 735942?
497
Calculate the remainder when 1300000 is divided by 46428.
16
Calculate the remainder when 20447843 is divided by 8453.
36
Calculate the remainder when 982394 is divided by 5171.
5075
Calculate the remainder when 1136120 is divided by 378702.
14
What is the remainder when 181296 is divided by 3864?
3552
Calculate the remainder when 315741 is divided by 1040.
621
What is the remainder when 5091359 is divided by 60?
59
Calculate the remainder when 363528 is divided by 33039.
99
Calculate the remainder when 3507091 is divided by 23.
5
Calculate the remainder when 734465 is divided by 734455.
10
What is the remainder when 774378 is divided by 5869?
5539
What is the remainder when 35771069 is divided by 427?
425
Calculate the remainder when 10777 is divided by 991.
867
What is the remainder when 4540044 is divided by 3047?
14
What is the remainder when 144966741 is divided by 1329970?
11
Calculate the remainder when 21457486 is divided by 822.
820
What is the remainder when 13037724 is divided by 103?
87
What is the remainder when 4877131 is divided by 7323?
13
Calculate the remainder when 73842 is divided by 14602.
832
What is the remainder when 376034 is divided by 62604?
410
Calculate the remainder when 321051 is divided by 53508.
3
What is the remainder when 3223303 is divided by 16445?
83
What is the remainder when 789966 is divided by 20255?
21
Calculate the remainder when 74975559 is divided by 37487778.
3
Calculate the remainder when 375735 is divided by 1351.
157
Calculate the remainder when 69699 is divided by 68355.
1344
Calculate the remainder when 426123 is divided by 465.
183
What is the remainder when 46692380 is divided by 11673093?
8
Calculate the remainder when 234479 is divided by 7104.
47
What is the remainder when 157989 is divided by 78976?
37
Calculate the remainder when 168191 is divided by 5794.
165
Calculate the remainder when 782132 is divided by 173.
172
What is the remainder when 33400579 is divided by 1930?
1929
Calculate the remainder when 5736960 is divided by 4575.
4485
What is the remainder when 2017005 is divided by 8807?
202
Calculate the remainder when 64154993 is divided by 544.
529
Calculate the remainder when 8092 is divided by 7083.
1009
What is the remainder when 2232291 is divided by 74407?
81
Calculate the remainder when 264892 is divided by 4837.
3694
What is the remainder when 4207892 is divided by 433?
431
What is the remainder when 46594200 is divided by 93?
84
What is the remainder when 12185 is divided by 3033?
53
Calculate the remainder when 49227 is divided by 2161.
1685
Calculate the remainder when 55884 is divided by 3725.
9
Calculate the remainder when 16671 is divided by 2415.
2181
What is the remainder when 11305611 is divided by 30?
21
Calculate the remainder when 10779001 is divided by 47484.
133
Calculate the remainder when 4202687 is divided by 720.
47
What is the remainder when 1598738 is divided by 1598286?
452
What is the remainder when 64728 is divided by 6136?
3368
What is the remainder when 396700 is divided by 6503?
17
Calculate the remainder when 2646984 is divided by 29409.
174
Calculate the remainder when 54328 is divided by 3714.
2332
What is the remainder when 549105 is divided by 1277?
1272
Calculate the remainder when 4279646 is divided by 649.
140
What is the remainder when 15111815 is divided by 3819?
32
What is the remainder when 33632 is divided by 976?
448
Calculate the remainder when 151188 is divided by 94.
36
Calculate the remainder when 12538384 is divided by 6269171.
42
What is the remainder when 2243845 is divided by 339?
4
Calculate the remainder when 490464180 is divided by 10932.
0
What is the remainder when 104704 is divided by 720?
304
Calculate the remainder when 2101326 is divided by 5886.
24
What is the remainder when 5146867 is divided by 835?
762
Calculate the remainder when 4511532 is divided by 38560.
12
What is the remainder when 341077 is divided by 19407?
11158
Calculate the remainder when 17902321 is divided by 3322.
63
Calculate the remainder when 507428 is divided by 157.
4
What is the remainder when 3348953 is divided by 14373?
44
What is the remainder when 749457517 is divided by 6295?
6292
Calculate the remainder when 114415 is divided by 3490.
2735
Calculate the remainder when 1188205 is divided by 396065.
10
Calculate the remainder when 2885939 is divided by 3585.
14
What is the remainder when 437130 is divided by 27308?
202
What is the remainder when 5121002 is divided by 90?
2
Calculate the remainder when 652426 is divided by 20388.
10
What is the remainder when 6027104 is divided by 440?
424
What is the remainder when 2031244 is divided by 2581?
2578
What is the remainder when 150994 is divided by 50244?
262
What is the remainder when 41250090 is divided by 251?
248
What is the remainder when 253082959 is divided by 61?
59
Calculate the remainder when 378974 is divided by 378968.
6
What is the remainder when 78958 is divided by 145?
78
What is the remainder when 127090 is divided by 7942?
18
Calculate the remainder when 3227761 is divided by 12961.
472
Calculate the remainder when 66106482 is divided by 13755.
13707
Calculate the remainder when 72713 is divided by 404.
397
Calculate the remainder when 253837 is divided by 126.
73
Calculate the remainder when 5810 is divided by 3628.
2182
Calculate the remainder when 187900 is divided by 1161.
979
Calculate the remainder when 337498 is divided by 9566.
2688
Calculate the remainder when 33388 is divided by 2531.
485
Calculate the remainder when 30691 is divided by 385.
276
Calculate the remainder when 89895747 is divided by 250.
247
What is the remainder when 325564 is divided by 54085?
1054
Calculate the remainder when 3134465 is divided by 626891.
10
What is the remainder when 593208 is divi